 + 22088 - 2176, -2*y - 33183 = -5*t. What is the tens digit of t?
3
What is the ten thousands digit of (-2 - -6)*(516 + 5151)?
2
Let v(p) be the second derivative of -59*p**3/6 - 13*p**2/2 - 67*p. What is the tens digit of v(-9)?
1
Let l(f) = -56*f + 2. Let i(p) = -p - 1. Let k(w) = -4*i(w) + l(w). Suppose -2*h - 10 = 3*j, 0 = -5*j - 10. What is the units digit of k(h)?
0
Let c(b) = b**3 + 6*b**2 - 9*b + 14. Let x be c(-7). What is the units digit of (-4)/x*-7*564?
4
Let n = 33365 - 16334. What is the ten thousands digit of n?
1
Let q(n) = -330*n - 53. Let j be q(-3). Suppose 4*g - 5*x - j = 1230, 5*x - 25 = 0. What is the units digit of g?
8
Let k be 2 - 1/(3/33). Let o(n) be the second derivative of -n**3/6 + 9*n**2 + 6*n + 6. What is the tens digit of o(k)?
2
Let c = -2389 + 4657. What is the thousands digit of c?
2
Let m(n) = -9 + 9*n - 12 + 4*n**2 + 8. Suppose 85 = 18*k - 13*k - 10*b, -3*b = k + 13. What is the tens digit of m(k)?
3
Let h = -24 - -21. Let w be 4/h*5*(-18)/60. What is the units digit of -1*(2 + w) + 1430/10?
9
Let g(z) = 34*z**2 - 4*z + 149. What is the ten thousands digit of g(-22)?
1
Suppose -p = -4*p - 3009. Let d = p + 1554. What is the tens digit of d?
5
Let t(u) = 35*u**2 - u - 74. Let c be t(-11). Suppose -8*v + 3660 = -c. What is the units digit of v?
9
Suppose -57*u + 3288 = -55*u - 4*j, -3*j = 4*u - 6532. What is the units digit of u?
6
Suppose 2*m - 5*h - 7737 = 0, -m + 19359 = 4*m + 4*h. What is the units digit of m?
1
Let v be 1 - (43/3 + 3)*-3. Let l = v + -50. Suppose 33 + 135 = 4*t + 3*f, -l*f = t - 33. What is the units digit of t?
5
Suppose 0 = 7*u + d - 36523, -7 = -3*d - 16. What is the hundreds digit of u?
2
Let j(r) = 14*r**3 - 3*r**2 - 2*r + 4. Let i = 17 + -19. Let p(k) = k + 4. Let l be p(i). What is the units digit of j(l)?
0
Let u(q) = q**3 + 7*q**2 - 25. Let j be u(-6). Let t = 236 + j. What is the units digit of t?
7
Suppose 3369*a - 233688 = 3348*a. What is the thousands digit of a?
1
Let g(m) = -13*m + 7*m - 33 - 29*m + 5*m. What is the units digit of g(-9)?
7
What is the thousands digit of (-3024505)/(-155) + 7/(434/4)?
9
Suppose -19*n - 271561 = 10*n - 1368776. What is the thousands digit of n?
7
Suppose v = -2, -8*m + 11*m - 5*v = 373. Suppose -c - m = -192. What is the units digit of c?
1
Let h(c) = 9*c**2 - 50*c + 122. What is the hundreds digit of h(33)?
2
Let s be (2/3)/(330/81 + -4). Let v(y) = -s*y + 2*y**2 + 1 + 3 - 12 - 11. What is the tens digit of v(9)?
6
Let l = 8889 + 5924. What is the hundreds digit of l?
8
Let n(x) = -x**3 - 5*x**2 - 5*x + 8. Let d(t) = t + 28. Let k be d(-7). Suppose 0 = 3*b + 3*r - 5*r + k, 3*b + 3*r + 21 = 0. What is the tens digit of n(b)?
4
Let i(m) = -2*m**3 - 5*m**2 + 5*m + 6. Let y = -26 - -66. Let p = 36 - y. What is the units digit of i(p)?
4
What is the units digit of ((-6)/(-10))/3 + 241584/30?
3
Suppose 551*t = 518*t - 1485. Suppose 0 = 3*w - 2*v + 1 - 147, 5*v + 27 = w. Let q = w + t. What is the units digit of q?
7
Suppose 0 = -k + t, 10 = 3*k - 5*t + 16. Let z = -337 + 485. Suppose 117 = 2*c - k*o + 30, -3*c = -o - z. What is the tens digit of c?
5
Suppose -14*k + 17 = -11. Suppose -2*q = -k*y, -5 = -3*q + 1. Suppose 3*i + 5*u = 633, -i - y*i = -5*u - 603. What is the units digit of i?
6
Let o = 92735 + -63935. What is the ten thousands digit of o?
2
Let d = 51660 - 16054. What is the ten thousands digit of d?
3
Suppose 2*w - 4*n - 1657 - 23311 = 0, -4*w + 2*n = -49984. What is the ten thousands digit of w?
1
Let d = -5758 + 6294. What is the units digit of d?
6
Let x = 6087 - -10893. What is the units digit of x?
0
Let m(o) = -o**3 + 9*o**2 + o - 11. Let y be (-12)/(-16)*(-3)/(-9)*12. Suppose 4*g - 38 = -y*l, 5*l - l + 1 = 5*g. What is the hundreds digit of m(l)?
1
Suppose -5*m + 9 + 7 = 2*s, -4*m + 2 = -2*s. Let q(z) = z**3 - 5*z**2 + z + 2. Let u be q(s). What is the hundreds digit of (177 - -2) + (-13 - u)?
1
Let l = -876 + 7620. What is the hundreds digit of l?
7
Let m = 1438 - -1712. Suppose -g = -2*x + m, -2*x + 3*g + 1570 = -x. What is the hundreds digit of x?
5
Suppose -3*r + 9 = 0, -2 + 0 = -z + 3*r. Suppose 2*n = 2*j + 352, -z*n - j + 516 = -8*n. What is the units digit of n?
3
Let x(m) = -7*m**2 + 4*m - 3. Let k(t) = -14*t**2 + 7*t - 6. Let j(b) = -6*k(b) + 11*x(b). What is the tens digit of j(-5)?
6
Suppose 12*b - 3*b = 6*b. Suppose 3*o + 2*p - 4*p - 485 = b, 0 = -2*o - 4*p + 350. What is the units digit of o?
5
Let q be (42/(-84))/(1*2/(-24)). What is the units digit of ((-1393)/(-14) - -3)/(1/q)?
5
Let k(d) = 824*d**2 - 39*d + 512. What is the tens digit of k(8)?
3
Let x(c) = 76*c + 1338*c**3 + c**2 - 45*c - 38*c + 6. What is the units digit of x(1)?
8
Suppose 9*n - 22612 = 1319. What is the units digit of n?
9
Let t(n) = 29*n**2 + 61*n - 175. Let q be t(3). Suppose -184 - q = -i + 3*h, 0 = -i + 4*h + 451. What is the units digit of i?
9
Suppose -37*l - 25 + 247 = 0. Suppose -9135 = l*h - 15*h. What is the hundreds digit of h?
0
Let w be (2/2)/(2/186). Let z = 3904 + -3785. Let c = z + w. What is the hundreds digit of c?
2
Suppose -85*o - 16 = -89*o. Suppose -5*y + 35 = o*w, -2*w + 7 = y - 2*y. Suppose 0 = 2*q + 3*u - 162, q - 170 = -q - w*u. What is the tens digit of q?
7
Let l(z) = -4*z**2 - 12*z + 70. Let q(c) = c**2 + c + 2. Let w(h) = l(h) + 12*q(h). What is the units digit of w(10)?
4
Suppose -1961 - 1209 = -5*y. Suppose 4*o - 3470 = y. What is the units digit of o?
6
Let b(c) = 33*c - 9. Let l be b(4). Suppose 58*w = 57*w + l. Suppose 2*g - 101 = w. What is the units digit of g?
2
Suppose 47*l = -515 + 18328. What is the units digit of (-4)/14 + 9/7 + l?
0
Suppose -4*j - 10 = -38. Let r(l) = 11 - 13 + 20*l - j. What is the hundreds digit of r(6)?
1
Let l(t) = -5*t**2 - 16*t - 6. Let w be l(-3). Let f(k) = 74*k**2 + 14*k + 29. What is the tens digit of f(w)?
5
Suppose 2*y - 3*b - 9 = 0, 11*y - 15*y = 2*b - 10. Suppose 3*o + 459 = f + 45, -5*f - y*o = -2160. What is the tens digit of f?
2
Suppose 0 = -150*l + 5722007 + 734689 - 1369146. What is the thousands digit of l?
3
Let w be (-3 - -5)*3*3/18. Suppose w = 4*l - 23. Suppose l*d + 32 = 194. What is the units digit of d?
7
Suppose 0 = -31*r + 27*r - 4. Let x be r*3 - (-345 - -18). Suppose 0 = -3*m + x - 3. What is the units digit of m?
7
Let z(t) = 17*t**2 + 7*t + 9. Suppose -5*n = -7*n + 40. Let f be (-20)/8*24/n. What is the hundreds digit of z(f)?
1
Let z(l) = -255*l + 27. Let f be z(-1). Suppose -f = 27*d - 11946. What is the units digit of d?
2
Let y be (-1554)/(-77) + (-5)/110*4. Suppose -18*j - 1876 = -y*j + l, -3754 = -4*j + l. What is the tens digit of j?
3
Let p(s) = 281*s**3 - 12*s**2 + 94*s - 50. What is the units digit of p(5)?
5
Let l(k) = 6*k - 10. Let r be l(2). Suppose 4*b = -3*z + 146, -r*b + 3*b = z - 44. What is the tens digit of z/3*9*2/6?
4
Suppose -5*f - y = -35, 5*f - 35 = -8*y + 4*y. Suppose 0 = f*i - 8156 + 71. What is the hundreds digit of i?
1
Let z = 240 - 199. Let b(f) = f**2 - 25*f + 261. What is the hundreds digit of b(z)?
9
Suppose 4*d + d = -p + 12627, -5*d + 2*p + 12636 = 0. Let i = -693 + d. Suppose 18*v - i = 5*v. What is the units digit of v?
1
Suppose 2*d = 3*j - 40965, -21*d + 54613 = 4*j - 26*d. What is the hundreds digit of j?
6
Let m be ((-1458)/36)/((-12)/16). Let p = m - -845. What is the hundreds digit of p?
8
Let v(l) = 24534*l**2 - 81*l + 79. What is the hundreds digit of v(1)?
5
Suppose -2*b = -0*b + 8. Let n(t) = -3*t**3 + 6*t**2 + t - 14. What is the tens digit of n(b)?
7
What is the hundreds digit of 9*(405/(-162) + 117033/18)?
4
Let u(m) = 7*m - 10. Let b be u(2). Suppose -50 = -t - 3*p + 64, -3*t + b*p + 342 = 0. What is the tens digit of t?
1
Suppose 0*a - 5*a + 8926 = -2*x, 1769 = a + 5*x. What is the hundreds digit of a?
7
Let p = 7136 + -4899. Let j = -1319 + p. What is the units digit of j?
8
What is the hundreds digit of (56/(-210))/((-2)/24580) + (-48)/(-72)?
2
Suppose -2*h = -5*q - 16342, 9931 = 2*h + 5*q - 6371. What is the tens digit of h?
6
Suppose 22*i - 37767 = 19*i + 5*d, 5*i + 5*d - 62985 = 0. What is the tens digit of i?
9
Let j(h) = -490*h - 4. Suppose -28*y = 67 - 11. What is the tens digit of j(y)?
7
Let s(j) = -j - 5. Let z be s(-14). Let i(v) = v**2 - 7*v - 14. Let m be i(z). Suppose -3*o + 6